s the greatest common factor of b and 31?
31
Let s = 101 + -73. What is the highest common factor of s and 28?
28
Suppose -4*w + 21 - 1 = 0. Let k(f) = 11*f + 1. Let z be k(w). What is the greatest common divisor of z and 7?
7
Suppose -2*z - 2*z + 28 = 0. What is the highest common divisor of z and 7?
7
Let w(u) = u**3 + 8*u**2 + 10*u + 7. Suppose -j + 2*z = 0, 4*j = -2*z + 3*z - 21. Let b be w(j). Calculate the highest common factor of 114 and b.
19
Let m = 6 + 7. Let x = -6 - -123. Calculate the greatest common divisor of x and m.
13
Suppose 2*t + 1 - 27 = 5*m, 5*m = -5*t + 65. Calculate the greatest common factor of 65 and t.
13
Suppose -4*z = 4*k + z - 1, 3*z = 2*k + 5. Let r = 10 + k. Let b = r - -1. What is the highest common factor of 80 and b?
10
Let w = 84 + -54. Let u be 8/(-2)*(-10)/2. What is the highest common divisor of u and w?
10
Let g = 1 - -11. What is the greatest common factor of g and 36?
12
Suppose -51 - 93 = -4*b. Let m be b/(2 + 0) - 3. What is the greatest common divisor of 165 and m?
15
Let s(o) = 18*o**2 - o - 1. Let a be s(-1). Let l be 112/a - (-6)/(-27). What is the highest common factor of l and 2?
2
Let w = -3 + 11. Suppose -16 - 284 = 2*y. Let l = -94 - y. Calculate the highest common divisor of w and l.
8
Suppose -4*k + 7 = 4*d - 9, 3*d - 5*k + 4 = 0. What is the highest common factor of 1 and d?
1
Suppose -4*n + 130 = -2*d, 5*d = 4*n + n - 165. Suppose g - 3*g + n = 0. What is the highest common factor of g and 24?
8
Let n be 2 + (4 + -3)/1. Suppose 0 = 3*x - n - 9. Suppose -3*j + 492 = -3*m, j + x*m = 3*m + 160. Calculate the greatest common factor of 18 and j.
18
Let j be ((21 - 7)*(-10)/4)/(-1). Let f = 0 + 7. What is the highest common divisor of j and f?
7
Let z = -19 + 12. Let x be z/(-4) + 4/16. Suppose -5*a = x - 7. What is the highest common factor of 7 and a?
1
Let h be (50/(-2))/(4 + -5). What is the greatest common factor of 5 and h?
5
Let m(t) = -35*t**3 - 2*t**2 - 2*t - 1. Let i be m(-1). Let f = i - 18. Calculate the greatest common divisor of 80 and f.
16
Suppose 2*c = -5*p - 3, 4 = p + 9. Suppose 0 = z - 5*z + 308. What is the greatest common factor of z and c?
11
Suppose -4*r = 26 - 166. Suppose -u = -3*u + 14. Calculate the greatest common divisor of u and r.
7
Suppose 0 = -2*b + 5*z + 30, 3*b - 3 = -0*z - 3*z. Let l = 84 + -79. What is the greatest common factor of b and l?
5
Let i(t) = 4*t**2 + 2*t - 3. Let f be i(6). What is the greatest common divisor of 17 and f?
17
Let m(i) = -i**2 - 11*i + 3. Let r be m(-8). What is the highest common divisor of r and 3?
3
Let q = -1 + 8. Let f(w) be the first derivative of 8*w**2 - w - 2. Let j be f(4). What is the highest common divisor of j and q?
7
Suppose 4*f - 63 = -3*f. What is the greatest common factor of f and 27?
9
Suppose -2*j = 5*i + 9, 0 = -0*j + 5*j + i - 35. Suppose 0 = 3*n - 3*v - 15, 0 = -n + j*v - 3*v - 3. What is the greatest common factor of n and 21?
7
Suppose 17 = -d + 75. Let o be (36 - -1) + (-24)/3. What is the highest common factor of o and d?
29
Let w(z) = 2*z + 8. Let r be w(11). Let h = -87 - -162. Calculate the highest common divisor of r and h.
15
Let l be (-34)/(-9) + 4/18. Let u(v) = 5*v**2 - v. Let x be u(1). Suppose l*n = 20 - x. What is the greatest common factor of n and 1?
1
Suppose v - 5 = -5*u, -22 = 4*v + 2*u - 3*u. Let m = 8 + v. What is the greatest common factor of m and 3?
3
Let o(w) be the third derivative of -w**4/12 + 2*w**2. Let k(y) = 2*y + 14. Let h be k(-10). Let v be o(h). What is the greatest common divisor of 4 and v?
4
Suppose -2 = -3*d + 1. Let s(t) = 2 - 2*t - d - 6 + 3*t**2. Let y be s(-5). What is the highest common factor of y and 32?
16
Let g be 441/27 - 1/3. Let u = -41 + 18. Let n = -7 - u. What is the highest common divisor of g and n?
16
Let g be 294 + (-252)/(-210)*5/2. Let y(b) = 6*b - 3. Let m be y(6). What is the highest common divisor of m and g?
33
Let s = -32 + -2. Suppose 356 = -3*t + 7*t. Let z = t + s. Calculate the greatest common divisor of z and 11.
11
Suppose -f - 28 = -2*f. Let k be (-7)/f + (-115)/4. Let q = k + 47. Calculate the greatest common factor of 72 and q.
18
Suppose 14 = -2*x - 2*y, -y + 56 = -4*x + 2*y. Let l = -10 - x. Let o be (2 - 7)/(l + -2). Calculate the highest common divisor of 45 and o.
5
Suppose 5*l = -2*j + 14, -2*j = -l - 6 + 4. Suppose 5*m = j*f - 8 - 2, -2*m - 5 = -f. What is the greatest common factor of f and 20?
5
Let j(d) = d**3 - 4*d**2 - 10*d + 13. Let r be j(6). Calculate the highest common divisor of 50 and r.
25
Suppose 0 = 2*b + 3*b. Suppose b = -3*r + 5*z - 3*z + 10, -3*r = -z - 11. What is the highest common divisor of 20 and r?
4
Suppose -3*n + 6 = -309. Let p be -2*((-109)/2 - 0). Suppose 34 - p = -5*j. What is the greatest common divisor of j and n?
15
Suppose -2*r - 130 = -7*d + 2*d, -4*r = 4*d - 76. Suppose -5 = -w - 5*t + 14, 2*w - 4*t = d. What is the greatest common divisor of 154 and w?
14
Let j(x) = 4*x**2 + 8*x + 14. Let g be j(-6). Calculate the highest common divisor of g and 22.
22
Let r = -53 - -106. Suppose 129 + r = 2*v. Suppose -13 = -u - 0*u. What is the highest common divisor of u and v?
13
Let z(n) = -n**3 + 5*n**2 + 3*n - 7. Let g be z(5). Let x be (-128)/(-12)*(0 + 3). What is the greatest common factor of g and x?
8
Let x(s) = 5*s - 8. Let o be x(4). Calculate the greatest common divisor of 24 and o.
12
Let s(r) = r**3 - 2*r**3 + 18 - 12 - 3*r**2 + 3*r. Let t be s(-4). What is the highest common factor of 10 and t?
10
Let r = 387 + -365. Suppose 2*f = -0*f + 110. What is the greatest common factor of f and r?
11
Let t(z) be the second derivative of -z**5/20 - z**4/4 + z**3/3 - z**2 + 3*z. Let a = 4 + -8. Let r be t(a). Calculate the greatest common divisor of 30 and r.
6
Let r(o) = 6*o**2 - 4*o + 2. Let i be r(2). Suppose -158 = 5*c - i. Let y be c*(-2)/(-4)*-1. What is the highest common divisor of 21 and y?
7
Suppose -30 = s - 4*s. Let x = -17 + s. Let d(z) = z**2 + 4*z + 1. Let f be d(x). What is the greatest common divisor of f and 66?
22
Suppose 5*n + 2*u - 478 = 0, -2*u + 187 = 2*n + 3*u. Let k be 8/60 - (-1 - (-4715)/(-75)). What is the greatest common factor of n and k?
32
Let f(g) = 2*g - 8. Let o = -3 + 7. Suppose -2*v + 16 = o. Let d be f(v). Calculate the highest common divisor of d and 4.
4
Let k(i) = 2*i + 8. Let t be k(4). What is the greatest common factor of 8 and t?
8
Suppose 0*p = 3*p. Suppose -3*b = -p*b - 12. What is the greatest common factor of 36 and b?
4
Let t = 0 + 0. Suppose -4*v - b + 8 = t, v + 8 = 5*v + 4*b. What is the highest common factor of v and 4?
2
Suppose 30*r - 170 = 25*r. Calculate the greatest common divisor of r and 102.
34
Suppose 0 = -3*w - 100 + 340. What is the greatest common factor of 20 and w?
20
Suppose -3*f + f + 20 = 0. Let a = 0 + 25. Calculate the highest common factor of f and a.
5
Let r = 20 + -14. Calculate the highest common factor of 10 and r.
2
Let z = -24 - -40. What is the greatest common factor of 16 and z?
16
Suppose -153 = -3*f - 30. Suppose f = 3*t + 8. Calculate the highest common divisor of t and 11.
11
Suppose 2*p + 4*q = q + 35, 4*q - 53 = -3*p. What is the highest common divisor of 171 and p?
19
Let f = -138 + 218. Calculate the greatest common factor of 16 and f.
16
Suppose -3*s + 53 = -2*a, -s + 65 = 2*s - 5*a. Calculate the greatest common divisor of 75 and s.
15
Let r(u) = -u**3 + 6*u**2 + u - 4. Let c be r(6). Let i(g) = -2*g**2 + 1 + 0 + 4*g**c. Let x be i(2). Calculate the greatest common factor of 45 and x.
9
Suppose 4*v = -4, 0*u - 10 = -3*u - 2*v. Suppose -5*d - z + u*z + 93 = 0, 4 = z. Calculate the greatest common divisor of 7 and d.
7
Suppose -2 + 10 = 2*f + 2*m, m - 4 = 0. Let c = 0 - f. Suppose c = -2*t - t + 15. What is the greatest common divisor of 55 and t?
5
Suppose -2*f + 20 = -70. Calculate the greatest common divisor of 30 and f.
15
Suppose -2*n = -4*n + 4. Let a = 6 - 4. Suppose -100 = -n*t - 2*h, -2*h = -a*t + 6*t - 196. What is the greatest common factor of t and 16?
16
Let v = -51 - -82. Let a = -10 + v. What is the highest common divisor of a and 189?
21
Suppose 2*d - 5*j = -6, 2*j - 18 = -4*d - 3*j. Suppose u = d, 4*u + 10 = -x + 3*x. What is the highest common factor of 36 and x?
9
Let x(j) = j**2 - 9*j +